{"id":73,"date":"2017-07-02T20:11:56","date_gmt":"2017-07-02T23:11:56","guid":{"rendered":"http:\/\/184.172.11.187\/~itraccom\/novo\/?page_id=73"},"modified":"2017-07-22T15:10:46","modified_gmt":"2017-07-22T18:10:46","slug":"maquinas","status":"publish","type":"page","link":"http:\/\/itrac.com.br\/index.php\/maquinas\/","title":{"rendered":"M\u00e1quinas"},"content":{"rendered":"<p>[vc_row][vc_column][vc_row_inner css=&#8221;.vc_custom_1500746791509{margin-top: 0px !important;margin-bottom: 50px !important;border-bottom-width: 0px !important;padding-bottom: 70px !important;border-bottom-color: #c9c9c9 !important;border-bottom-style: solid !important;border-radius: 1px !important;}&#8221;][vc_column_inner width=&#8221;1\/2&#8243;][vc_single_image image=&#8221;162&#8243; img_size=&#8221;full&#8221; alignment=&#8221;center&#8221; onclick=&#8221;zoom&#8221;][\/vc_column_inner][vc_column_inner width=&#8221;1\/2&#8243;][vc_column_text]<\/p>\n<h2>Politriz El\u00e9trica Maxtool<\/h2>\n<p>A Politriz El\u00e9trica Maxtool tem o melhor custo benef\u00edcio do mercado, sendo a \u00fanica com todas as pe\u00e7as de reposi\u00e7\u00e3o para pronta entrega. Com apenas 3,8kg ela foi projetada a trabalhar com \u00e1gua atendendo assim as exig\u00eancias do minist\u00e9rio do trabalho (DSST-SIT n\u00ba 43) e resultando em um acabamento final de qualidade superior.<\/p>\n<p>Al\u00e9m disso, a Politriz Maxtool elimina a necessidade da instala\u00e7\u00e3o de um compressor reduzindo o custo de adequa\u00e7\u00e3o do estabelecimento para receber a estrutura do sistema pneum\u00e1tico e propiciando uma maior versatilidade, visto que pode ser deslocada para o local de execu\u00e7\u00e3o do servi\u00e7o.<\/p>\n<p>Para se ter uma melhor vida \u00fatil do produto, \u00e9 recomendado que se utilize a Politriz Maxtool somente com os Discos de Acabamento (DDA), Discos de Desbaste (DDD) e com as Lixas Diamantadas.<br \/>\n[\/vc_column_text][\/vc_column_inner][\/vc_row_inner][\/vc_column][\/vc_row]<\/p>\n","protected":false},"excerpt":{"rendered":"<p>[vc_row][vc_column][vc_row_inner css=&#8221;.vc_custom_1500746791509{margin-top: 0px !important;margin-bottom: 50px !important;border-bottom-width: 0px !important;padding-bottom: 70px !important;border-bottom-color: #c9c9c9 !important;border-bottom-style: solid !important;border-radius: 1px !important;}&#8221;][vc_column_inner width=&#8221;1\/2&#8243;][vc_single_image image=&#8221;162&#8243; img_size=&#8221;full&#8221; alignment=&#8221;center&#8221; onclick=&#8221;zoom&#8221;][\/vc_column_inner][vc_column_inner width=&#8221;1\/2&#8243;][vc_column_text] Politriz El\u00e9trica Maxtool A<span class=\"excerpt-hellip\"> [\u2026]<\/span><\/p>\n","protected":false},"author":1,"featured_media":0,"parent":0,"menu_order":0,"comment_status":"closed","ping_status":"closed","template":"","meta":[],"_links":{"self":[{"href":"http:\/\/itrac.com.br\/index.php\/wp-json\/wp\/v2\/pages\/73"}],"collection":[{"href":"http:\/\/itrac.com.br\/index.php\/wp-json\/wp\/v2\/pages"}],"about":[{"href":"http:\/\/itrac.com.br\/index.php\/wp-json\/wp\/v2\/types\/page"}],"author":[{"embeddable":true,"href":"http:\/\/itrac.com.br\/index.php\/wp-json\/wp\/v2\/users\/1"}],"replies":[{"embeddable":true,"href":"http:\/\/itrac.com.br\/index.php\/wp-json\/wp\/v2\/comments?post=73"}],"version-history":[{"count":3,"href":"http:\/\/itrac.com.br\/index.php\/wp-json\/wp\/v2\/pages\/73\/revisions"}],"predecessor-version":[{"id":163,"href":"http:\/\/itrac.com.br\/index.php\/wp-json\/wp\/v2\/pages\/73\/revisions\/163"}],"wp:attachment":[{"href":"http:\/\/itrac.com.br\/index.php\/wp-json\/wp\/v2\/media?parent=73"}],"curies":[{"name":"wp","href":"https:\/\/api.w.org\/{rel}","templated":true}]}}