{"id":71,"date":"2017-07-02T20:11:43","date_gmt":"2017-07-02T23:11:43","guid":{"rendered":"http:\/\/184.172.11.187\/~itraccom\/novo\/?page_id=71"},"modified":"2017-12-12T10:39:51","modified_gmt":"2017-12-12T12:39:51","slug":"discos-de-corte","status":"publish","type":"page","link":"http:\/\/itrac.com.br\/index.php\/discos-de-corte\/","title":{"rendered":"Discos de Corte"},"content":{"rendered":"<p>[vc_row][vc_column][vc_row_inner css=&#8221;.vc_custom_1500258121952{margin-top: 0px !important;margin-bottom: 50px !important;border-bottom-width: 1px !important;padding-bottom: 70px !important;border-bottom-color: #c9c9c9 !important;border-bottom-style: solid !important;border-radius: 1px !important;}&#8221;][vc_column_inner width=&#8221;1\/3&#8243;][vc_single_image image=&#8221;154&#8243; img_size=&#8221;full&#8221; alignment=&#8221;center&#8221; onclick=&#8221;zoom&#8221;][\/vc_column_inner][vc_column_inner width=&#8221;2\/3&#8243;][vc_column_text]<\/p>\n<h2>Disco de corte turbo<\/h2>\n<p>Os discos de corte foram desenvolvidos para oferecerem um alto rendimento e um corte preciso. Podem ser utilizados em m\u00e1rmores, granitos, nanoglass, concreto, paredes, etc..<\/p>\n<p><strong>Especifica\u00e7\u00e3o T\u00e9cnica:<\/strong><br \/>\nTamanho: 110mm \/ 115mm<br \/>\nEspessura: 2mm (Turbo)<br \/>\nAltura do segmento: 10mm<br \/>\nFuro: 20mm[\/vc_column_text][\/vc_column_inner][\/vc_row_inner][vc_row_inner css=&#8221;.vc_custom_1500258121952{margin-top: 0px !important;margin-bottom: 50px !important;border-bottom-width: 1px !important;padding-bottom: 70px !important;border-bottom-color: #c9c9c9 !important;border-bottom-style: solid !important;border-radius: 1px !important;}&#8221;][vc_column_inner width=&#8221;1\/3&#8243;][vc_single_image image=&#8221;215&#8243; img_size=&#8221;full&#8221; alignment=&#8221;center&#8221; onclick=&#8221;zoom&#8221;][\/vc_column_inner][vc_column_inner width=&#8221;2\/3&#8243;][vc_column_text]<\/p>\n<h2>Disco de corte cont\u00ednuo<\/h2>\n<p>Os discos de corte foram desenvolvidos para oferecerem um alto rendimento e um corte preciso. Podem ser utilizados em m\u00e1rmores, granitos, nanoglass, concreto, paredes, etc..<\/p>\n<p><strong>Especifica\u00e7\u00e3o T\u00e9cnica:<\/strong><br \/>\nTamanho: 110mm \/ 115mm<br \/>\nEspessura: 1,8mm (Cont\u00ednuo)<br \/>\nAltura do segmento: 10mm<br \/>\nFuro: 20mm[\/vc_column_text][\/vc_column_inner][\/vc_row_inner][vc_row_inner css=&#8221;.vc_custom_1500258121952{margin-top: 0px !important;margin-bottom: 50px !important;border-bottom-width: 1px !important;padding-bottom: 70px !important;border-bottom-color: #c9c9c9 !important;border-bottom-style: solid !important;border-radius: 1px !important;}&#8221;][vc_column_inner width=&#8221;1\/3&#8243;][vc_single_image image=&#8221;229&#8243; img_size=&#8221;full&#8221; alignment=&#8221;center&#8221; onclick=&#8221;zoom&#8221;][\/vc_column_inner][vc_column_inner width=&#8221;2\/3&#8243;][vc_column_text]<\/p>\n<h2>Disco de corte segmentado<\/h2>\n<p>Os discos de corte foram desenvolvidos para oferecerem um alto rendimento e um corte preciso. Podem ser utilizados em m\u00e1rmores, granitos, concreto, paredes, etc..<\/p>\n<p><strong>Especifica\u00e7\u00e3o T\u00e9cnica:<\/strong><br \/>\nTamanho: 110mm \/ 115mm<br \/>\nEspessura: 1.8mm (Segmentado)<br \/>\nAltura do segmento: 10mm<br \/>\nFuro: 20mm[\/vc_column_text][\/vc_column_inner][\/vc_row_inner][vc_row_inner css=&#8221;.vc_custom_1500746791509{margin-top: 0px !important;margin-bottom: 50px !important;border-bottom-width: 0px !important;padding-bottom: 70px !important;border-bottom-color: #c9c9c9 !important;border-bottom-style: solid !important;border-radius: 1px !important;}&#8221;][vc_column_inner width=&#8221;1\/3&#8243;][vc_single_image image=&#8221;156&#8243; img_size=&#8221;full&#8221; alignment=&#8221;center&#8221; onclick=&#8221;zoom&#8221;][\/vc_column_inner][vc_column_inner width=&#8221;2\/3&#8243;][vc_column_text]<\/p>\n<h2>Serra 350mm<\/h2>\n<p>As serras 350 foram desenvolvidas para oferecerem um alto rendimento e um corte preciso. Devem ser utilizadas em granitos, m\u00e1rmores e materiais artificiais de acordo com a sua especifica\u00e7\u00e3o.<\/p>\n<p><strong>Especifica\u00e7\u00e3o T\u00e9cnica<\/strong><br \/>\nTamanho: 350mm<br \/>\nEspessura: 3,2mm<br \/>\nAltura do segmento: 15mm<br \/>\nFuro: 50mm[\/vc_column_text][\/vc_column_inner][\/vc_row_inner][\/vc_column][\/vc_row]<\/p>\n","protected":false},"excerpt":{"rendered":"<p>[vc_row][vc_column][vc_row_inner css=&#8221;.vc_custom_1500258121952{margin-top: 0px !important;margin-bottom: 50px !important;border-bottom-width: 1px !important;padding-bottom: 70px !important;border-bottom-color: #c9c9c9 !important;border-bottom-style: solid !important;border-radius: 1px !important;}&#8221;][vc_column_inner width=&#8221;1\/3&#8243;][vc_single_image image=&#8221;154&#8243; img_size=&#8221;full&#8221; alignment=&#8221;center&#8221; onclick=&#8221;zoom&#8221;][\/vc_column_inner][vc_column_inner width=&#8221;2\/3&#8243;][vc_column_text] Disco de corte turbo<span class=\"excerpt-hellip\"> [\u2026]<\/span><\/p>\n","protected":false},"author":1,"featured_media":0,"parent":0,"menu_order":0,"comment_status":"closed","ping_status":"closed","template":"","meta":[],"_links":{"self":[{"href":"http:\/\/itrac.com.br\/index.php\/wp-json\/wp\/v2\/pages\/71"}],"collection":[{"href":"http:\/\/itrac.com.br\/index.php\/wp-json\/wp\/v2\/pages"}],"about":[{"href":"http:\/\/itrac.com.br\/index.php\/wp-json\/wp\/v2\/types\/page"}],"author":[{"embeddable":true,"href":"http:\/\/itrac.com.br\/index.php\/wp-json\/wp\/v2\/users\/1"}],"replies":[{"embeddable":true,"href":"http:\/\/itrac.com.br\/index.php\/wp-json\/wp\/v2\/comments?post=71"}],"version-history":[{"count":10,"href":"http:\/\/itrac.com.br\/index.php\/wp-json\/wp\/v2\/pages\/71\/revisions"}],"predecessor-version":[{"id":230,"href":"http:\/\/itrac.com.br\/index.php\/wp-json\/wp\/v2\/pages\/71\/revisions\/230"}],"wp:attachment":[{"href":"http:\/\/itrac.com.br\/index.php\/wp-json\/wp\/v2\/media?parent=71"}],"curies":[{"name":"wp","href":"https:\/\/api.w.org\/{rel}","templated":true}]}}